e
Let f be 55/20 - (-2)/8. Suppose 0 = 5*c - f*h - 1480, c = -3*h + 4*h + 298. Is c composite?
False
Let a(w) = 133*w**2 - 1. Let k be a(-1). Suppose -4*s = 12, 6*n - 4*n - 4*s - 858 = 0. Let g = n - k. Is g a prime number?
False
Let f(s) = 1088*s**2 - 25*s - 155. Is f(-8) composite?
False
Suppose -528 = 3*b + 5*z, z + 880 = -5*b - 4*z. Let d = b - -947. Suppose 0*x - 2*x - 3*m = -509, -2*m + d = 3*x. Is x a prime number?
False
Let f(d) = -3*d**2 - 29*d - 45. Let t(q) = q**2 + 14*q + 22. Let y(g) = -2*f(g) - 5*t(g). Let j = 18 + -29. Is y(j) a prime number?
True
Suppose 21*g + 65630 = 31*g. Is g composite?
False
Let c be ((-1324)/(-3))/(3*(-2)/(-27)). Suppose -8*g + c = -2*g. Is g prime?
True
Let l(h) = 27*h + 2. Let j(a) be the second derivative of a**4/12 - a**3/6 - 5*a**2/2 + 3*a. Let u be j(5). Is l(u) a composite number?
True
Let n be 3 - (40/(-2))/(-5). Is (n + -1)/((-6)/66) composite?
True
Is -1 + (-136)/(-152) - (-259257)/19 composite?
True
Let j = -20 + 20. Let a(b) = -b**2 + b + 629. Let o be a(j). Let k = -414 + o. Is k a prime number?
False
Let v = -85 + 567. Is v prime?
False
Is 901432/308 + (-3)/(-11) prime?
True
Suppose 3*q - 78519 = -3*a, -53*a + 5*q + 104728 = -49*a. Is a composite?
False
Is ((-683478)/12)/9*4/(-6) a composite number?
False
Let x(t) = t**3 - 11*t**2 + 26*t - 19. Let s be x(8). Let u(n) be the second derivative of -3*n**5/10 + n**4/6 - n**3/2 - n**2 + n. Is u(s) composite?
True
Suppose 3*f + 409 - 136 = 0. Let k be (-4)/(-14) - 884/f. Let h(l) = 4*l**2 - 12*l + 7. Is h(k) prime?
False
Suppose 0 = -k + 983 + 690. Is k prime?
False
Let l be (-4)/10*-1 + 406/35. Let v(n) = -1 - 14 + 5*n + 44*n. Is v(l) prime?
False
Suppose -9320 = -6*t + 3454. Is t a composite number?
False
Suppose -8*u + 0*u = -16. Is u*(919/2 - 4) a composite number?
False
Suppose 5*y = -90 + 260. Let g(o) = 2*o**3 - o**2 - o + 1. Let u be g(1). Suppose y + u = m. Is m a prime number?
False
Suppose l = w + 8918, 0 = -2*l + 4*w + 23070 - 5244. Is l a composite number?
False
Let r(d) = 4*d - 4. Let y be r(2). Let j be 2 - y - -1*4. Suppose 3*v + 0*t + 2*t - 163 = 0, -2*t - 112 = -j*v. Is v a prime number?
False
Let t(u) = 2*u - 21. Let r be t(14). Suppose 0 = r*b - 8*b + 191. Is b prime?
True
Suppose -4*b + 200 = 4*o, 0 = -5*b + 2*o - 6*o + 251. Suppose -2*v + v - z = -56, -v + 4*z + b = 0. Is v composite?
True
Let y(v) = v**3 + 9*v**2 + 17*v + 20. Let f be y(-7). Let c(t) = -297*t + 2. Is c(f) composite?
True
Let i be (-8)/2*(-8)/8. Suppose -3*k = i - 13. Is (-4440)/(-16)*2/k a composite number?
True
Suppose -3*z = 2*z + 13615. Let k = 5986 + z. Is k a composite number?
True
Let b = 25 + -27. Is -14*(b + 543/(-2)) prime?
False
Suppose 9*u = 56864 + 6109. Is u a composite number?
False
Let z(p) = -2*p**2 + 9*p + 7. Let f be z(8). Let t be (-1)/(148/f + 3). Suppose -b + 2*b - t = 0. Is b a composite number?
True
Let i be (14/21)/((-2)/(-6)). Let l(d) = d + 1. Let o be l(i). Suppose o*h + 1382 = 5*h. Is h prime?
True
Suppose -4 = 2*g - 7*t + 9*t, 3*g = 5*t + 10. Suppose g = 27*y - 31*y + 2344. Is y a composite number?
True
Let l(i) = i**3 - 18*i**2 - 92*i + 6. Is l(37) prime?
True
Let k = -46265 - -84934. Is k a prime number?
True
Suppose -14 = -5*t - l, 2*l = -5*t - l + 22. Suppose y + 257 = t*y. Is y prime?
True
Let o(p) = 58*p**2 - p - 3 + 8*p - 4*p + 141*p**2. Is o(2) prime?
False
Let d = 50700 + 7571. Is d composite?
False
Let n(q) = 8*q**3 - 12*q**2 + 14*q - 19. Is n(8) a prime number?
False
Suppose 5 = -5*u - 2*z, 4*u + 22 = 6*u - 4*z. Let d(j) = 411*j**2 + 2. Is d(u) a prime number?
False
Let n(q) = 27*q - 123*q - 6*q + 2 - 45*q. Let l be n(-2). Let o = l + -207. Is o a composite number?
False
Suppose 0 = 2*b - z - 9531, -19*b - 4*z - 4769 = -20*b. Is b a prime number?
False
Let k = -8 + 10. Suppose -2*w = -k*p + 138, -p - 3*w = 2*w - 69. Is p prime?
False
Let l be (-2 - -1)*(-17)/((-17)/(-4440)). Suppose -609 + l = 3*b. Is b prime?
True
Suppose 0*j = -j + 3. Let s(t) = -55*t**2 + t + 0*t + 57*t**2 - 2. Is s(j) composite?
False
Let g be ((-40)/(-15))/((-2)/(-1428)). Let b be 0/1 + g + 0. Is (b/32)/(1/2) prime?
False
Suppose -4*w + 5*z = z + 8, w = 5*z + 6. Is (-5579)/(-63) + w/(-9) prime?
True
Suppose -41502 = -3*u + 3*m, 0 = -12*u + 9*u + m + 41504. Is u composite?
True
Let u = 10 + -8. Suppose 8 - u = 3*y. Is 2 + 195/(y - -1) a composite number?
False
Let c(j) = 37*j**2 + j + 1. Let p be -4 - (0 - 0/2). Let f = 3 + p. Is c(f) a composite number?
False
Let u(k) be the third derivative of -1/6*k**3 + 0*k + 0 - 3*k**2 + 95/24*k**4. Is u(1) a composite number?
True
Let w(x) = x**3 + 22*x**2 - 27*x - 81. Is w(-20) a composite number?
False
Let t(z) = 3*z**3 - 13*z**2 + 13*z + 1. Let w(c) = -16*c**3 + 65*c**2 - 64*c - 5. Let k(d) = 11*t(d) + 2*w(d). Is k(12) composite?
False
Let k(j) = j**3 + 17*j**2 - 59*j**2 - 13*j + 25*j**2 - 19. Is k(18) prime?
True
Is ((50528/12)/8)/((-5)/(-15)) composite?
False
Suppose -4*j = n - 492, j = 4*n - 307 - 1729. Is ((-1)/(-4))/(1/n) a composite number?
False
Let y = 4306 - 2573. Is y composite?
False
Let c(b) = -1020*b - 19. Is c(-8) a prime number?
False
Let i(z) = -10*z - 107. Let x be i(-8). Let p(k) = 386*k + 2. Let h be p(-2). Let d = x - h. Is d composite?
False
Let z(d) = 9017*d**2 - 11*d + 1. Is z(-1) a composite number?
False
Is -4 - (-12)/8*516 - 1 a composite number?
False
Let q = 3 - 7. Let t = q + 5. Is t/(-2)*(2 - 180) prime?
True
Let r(w) = 718*w - 503. Is r(24) a composite number?
False
Suppose 3*q + 6*i = 5*i + 15118, -i = -1. Is q composite?
False
Suppose 0 = -3*i - 4*m + 1136, 0 = -5*m + 2 + 8. Let p = 679 - i. Is p a composite number?
True
Let v be 1 - -3 - (2 - 0). Suppose 0 = 5*j + 5, -2*m - v*m = 4*j - 440. Is m a composite number?
True
Suppose -2*w - 1151 = -m, -3557 = -2*m + 5*w - 1255. Is m composite?
False
Suppose -16*l + 12*l = -2716. Is l composite?
True
Suppose -2*g + 2*h = -6*g - 532, 4*g - 3*h = -542. Let m = -45 - g. Is m prime?
True
Let p(t) = -31*t**3 + 3*t**2 - t - 14. Let f(o) = -2*o - 1. Let v be f(1). Is p(v) composite?
False
Suppose 2*v = -4*g + 10080, 0*v = 4*g - 3*v - 10090. Is g a composite number?
False
Let p = 4754 - 1377. Is p prime?
False
Let x be (-34)/(-6) + (-4)/6. Suppose 0 = -3*z + x*r + 59 + 969, 4*z - 1364 = 5*r. Suppose 4*h - 660 = z. Is h a composite number?
True
Let x be -4 - 3 - 1/1. Let l(j) = -5*j**2 - 2*j - 5. Let b(y) = 14*y**2 + 5*y + 15. Let a(t) = 4*b(t) + 11*l(t). Is a(x) a composite number?
True
Let y(a) = 7*a + 2. Let b = 0 + -10. Let k = -3 - b. Is y(k) a prime number?
False
Let o = 832 - 1960. Let c = 2095 + o. Is c a prime number?
True
Suppose 5*c = 2*c + 9. Suppose -1719 + 624 = -3*h - 3*t, h - 359 = -3*t. Suppose h = c*n - 2*r, -4*n - 4*r = -n - 362. Is n a prime number?
False
Suppose -3*d = o - 3683, -2*d = -4*o - 4124 + 18856. Is o composite?
True
Let d be 27/((-9)/(-3)) - 3. Let j = 207 + d. Is j a prime number?
False
Let a(h) = 11405*h + 87. Is a(4) prime?
True
Suppose -21*c + 23*c + 5*z - 40839 = 0, 0 = 5*c + z - 102086. Is c a composite number?
True
Let h(m) = -2*m**3 - 14*m**2 - 8*m + 19. Let u(a) = a - 12. Let j be u(3). Is h(j) composite?
True
Suppose -6134 = -5*h - 2*i, -14*h = -18*h + 4*i + 4896. Is h a composite number?
True
Let y(h) = -h + 2. Let x be y(-2). Suppose 1683 = 5*v - x*a, v - 5*v = -4*a - 1348. Suppose 14*s - v = 9*s. Is s a composite number?
False
Suppose -4317 = -36*g + 33*g. Is g prime?
True
Let p(f) = 873*f**2 - 3*f + 5. Is p(2) composite?
False
Let d(y) = 18*y - 17 - 17 - 3. Is d(5) a composite number?
False
Let m(b) = 69*b - 49. Let k be m(-18). Let u = 2652 + k. Is u a composite number?
False
Suppose -942*q + 652 = -938*q. Is q a composite number?
False
Let h = -11 + 16. Suppose -21 = -h*l - 6. Suppose 5*k - 4*v - 97 = 84, l*k - v = 110. Is k prime?
True
Let s be 6 - (2/5 - (-104)/65). Let r be (-6)/(1/(0 - -1)). Is (-326)/r + s/6 a composite number?
True
Let i(m) = 1239*m - 85. Is i(6) prime?
True
Suppose 0 = -4*r + 55639 + 108813. Is r prime?
True
Let h(n) = -62*n - 1. Let u(v) = -123*v - 2. Let g(b) = -5*h(b) + 3*u(b). Let p(i) = i**3 - 2*i**2 - 4*i + 2. Let x be p(3). Is g(x) a prime number?
False
Let q = -2671 + 4850. Is q a prime number?
True
Let i(m) = -9*m**2 - 8*m - 12. Let x(a) = 18*a**2 + 15*a